common divisor of a and 2.
2
Let c(h) = 2*h + 18. Let t be c(-1). Let s(d) = d - 5. Let n be s(7). Calculate the highest common divisor of t and n.
2
Let p be 90/(-27)*216/(-10)*1. What is the greatest common factor of p and 36?
36
Let q(t) = t + 17. Let b be q(6). What is the highest common factor of 2 and b?
1
Suppose -l = d + 18, -2*d + l - 44 = -l. Let c = -16 - d. Calculate the greatest common factor of c and 44.
4
Suppose 0 = 2*n - f - 410, -65*n + 1025 = -60*n - 3*f. What is the greatest common factor of n and 35?
5
Let q be -2*(-3 - -19)*1. Let h be q/176 + (-79)/(-11). Suppose 5*l + 10 = 0, -u - l = -25 - 1. What is the greatest common divisor of u and h?
7
Let a = 202 - 193. What is the greatest common factor of a and 747?
9
Let l(g) = g**3 - 4*g**2 - 9*g - 1. Let b be l(6). Suppose 37 = 6*r - b. Let u be (126/6)/(3/r). What is the greatest common factor of 42 and u?
21
Suppose 77*a = 66*a + 16830. What is the highest common factor of a and 60?
30
Let f be (7/2)/(2/76). Let w = -107 + f. Calculate the highest common factor of w and 143.
13
Suppose -7*v - 298 + 1075 = 0. Calculate the greatest common factor of 6 and v.
3
Let b(s) be the second derivative of -s**5/20 + 7*s**2 - 16*s. Let g be b(0). Calculate the greatest common divisor of g and 21.
7
Suppose -58*k + 50*k + 40 = 0. Calculate the highest common divisor of 1 and k.
1
Let x(d) = -122*d + 253. Let c be x(2). Let r(i) = -i**3 + 9*i**2 - 6*i. Let l be r(6). Calculate the greatest common divisor of c and l.
9
Suppose -87 = -4*n + 3*r - 38, -5*n - 5*r + 35 = 0. Let z = n - 5. Suppose 0*x = -z*x + 210. Calculate the highest common divisor of 6 and x.
6
Let u(k) = 11*k**2 + k - 7. Let f be u(-4). What is the greatest common factor of 66 and f?
33
Let q(a) = 2*a**2 + 3*a. Let o be q(-2). Suppose 0*u - 5*t + 29 = 2*u, -4 = 3*u - 2*t. Suppose 3 - 19 = -u*x. What is the greatest common factor of x and o?
2
Let k = 7 - 3. Let p be -3*k/12*-17. Calculate the greatest common factor of p and 153.
17
Let n be 0 + 4 + 2/(-1). Let g be (1 - n)/((-2)/6). Suppose g*l + 4*u - 184 = -l, 0 = -3*l - 4*u + 134. What is the highest common factor of l and 25?
25
Let p = 17 + -58. Let d = p + 56. Calculate the highest common divisor of 75 and d.
15
Let o = 50 - -38. Suppose -5 = 5*n - 6*n. Suppose 9 = 3*y + n*w, -2*w + 29 = 4*y - w. What is the greatest common divisor of y and o?
8
Let x be (-2 - -3)/3*21. Suppose n - i = 16 + 44, -i = -3. Calculate the greatest common factor of x and n.
7
Let j = 12 - 10. Suppose s + 4*h - 36 = 0, 4*s + 7*h - 100 = j*h. Let p = 93 - 63. Calculate the greatest common factor of p and s.
10
Let a = -279 - -296. Calculate the greatest common factor of a and 459.
17
Let p = 95 - 16. Let g = p + -49. What is the highest common divisor of 12 and g?
6
Let w(z) = -31*z + 336. Let y be w(-50). What is the greatest common divisor of 46 and y?
46
Suppose -2*k + 5*r = -44, -20 = 3*r - 8. Calculate the greatest common divisor of k and 17.
1
Let g be (-6)/15 - 67/(-5). Suppose 786 = 37*o - 4074 - 1393. Calculate the highest common divisor of o and g.
13
Suppose 2*f + f - 132 = 0. Let p = 237 - 103. Let h = -68 + p. Calculate the greatest common factor of f and h.
22
Let g = 70 + -98. Let l be 12/g - 297/(-7). Let b = l + -40. What is the greatest common factor of 22 and b?
2
Suppose 0 = 5*l - 40 - 50. What is the highest common divisor of l and 84?
6
Suppose 2*o = -4*o + 24. Suppose -2 - 3 = -y. Suppose o*b = -3*i + 35, -3*b + y*i = -b - 11. What is the highest common factor of b and 24?
8
Suppose 2*t - 40 = -h, 4*t + t - 3*h - 100 = 0. What is the highest common divisor of 260 and t?
20
Let h(i) = 27*i**2. Let y be h(1). Calculate the highest common divisor of 81 and y.
27
Let t = -3 - -41. Let x = 44 - 42. What is the greatest common divisor of x and t?
2
Let v be (-3)/9 - (14/(-6) + 1). What is the greatest common factor of 1 and v?
1
Let f = -2009 + -2495. Let z be (-3)/5 - f/40. What is the greatest common factor of z and 28?
28
Let z = -41 + 95. Let n = z + -33. Calculate the highest common factor of n and 3.
3
Let v(y) be the first derivative of 1 - 5/2*y**2 - 13*y. Let u be v(-6). What is the highest common divisor of u and 170?
17
Suppose 40*t - 15*t - 2250 = 0. What is the greatest common divisor of 1215 and t?
45
Let m(z) = -z**2 + 69*z - 270. Let r be m(54). What is the highest common factor of 20 and r?
20
Let y(f) = 25*f - 51. Let i be y(3). Calculate the highest common factor of i and 18.
6
Suppose -5*g = -6*g + 75. Let l(z) = -z**3 + 2*z**2 - 1. Let y(p) = -2*p - 18. Let n be y(-8). Let i be l(n). Calculate the greatest common divisor of i and g.
15
Suppose -2*d - 2*m + 22 = 0, 17*d - 20*d - 2*m + 28 = 0. Suppose 2*a = -a + 18. What is the greatest common factor of a and d?
6
Suppose 3*p + 4*a - 47 = 0, -5*a = 3*p - p - 29. Let k(o) = -o**2 + 24*o + 35. Let b be k(p). Calculate the highest common divisor of b and 7.
7
Suppose 8*u + 8 = 16*u. Calculate the greatest common divisor of u and 32.
1
Suppose 9*y - 372 = -3*o + 6*y, -y - 233 = -2*o. Suppose 0 = k - o - 105. Calculate the highest common divisor of 28 and k.
28
Let t(b) = b**3 - 2*b**2 - 9*b - 3. Let i be t(5). What is the greatest common factor of i and 6?
3
Let u(o) = -3 + o**2 - 1 + 0 + 2. Let h be u(6). What is the greatest common factor of h and 85?
17
Let x be (176/(-64))/((-27)/28 + 1). Let s = 81 + x. Let k(a) = -15*a - 2. Let f be k(-2). What is the highest common divisor of s and f?
4
Let n = -468 - -486. What is the highest common divisor of 48 and n?
6
Let k = -88 + 160. Let f = k - 24. Let q be -2 - (126/(-6) - -7). What is the greatest common divisor of f and q?
12
Suppose -19 = -7*l + 6*l. What is the highest common divisor of 57 and l?
19
Let o(w) be the second derivative of 71*w**4/3 - w**3/3 - w**2 + 32*w. Let h be o(1). Calculate the highest common factor of 35 and h.
35
Let n be -3 + 8/(-2) + 3 + 174. Suppose 85 - n = -x. What is the greatest common factor of x and 5?
5
Let s be ((0 - 2)*1)/((-50)/400). What is the highest common factor of 128 and s?
16
Let t = 84 - 104. Let j be (77/44)/((-1)/t). What is the highest common factor of j and 21?
7
Let j = -5 - -6. Let g be 57 + 0 - (0 + j). What is the highest common factor of 616 and g?
56
Let x = 446 + -401. What is the highest common divisor of 81 and x?
9
Suppose 1768 = 32*b + 2*b. What is the highest common divisor of 78 and b?
26
Let q = -953 - -969. What is the highest common divisor of q and 176?
16
Let k be (6/(-4))/((-5)/(-30)). Let q = -5 - k. Suppose b + 53 = 2*c, -4*c + 53 + 71 = q*b. What is the greatest common divisor of 140 and c?
28
Suppose 5*j - 338 - 57 = 0. Let z = j + -49. Suppose 2*w = -0*w + z. What is the highest common factor of 165 and w?
15
Let o(n) = -2*n**3 - 14*n**2 - 62*n - 24. Let b be o(-14). What is the greatest common divisor of 52 and b?
52
Let f = 50 + -15. Calculate the highest common divisor of 15 and f.
5
Let v = -185 - -250. What is the highest common factor of v and 75?
5
Let c = 17 - -3. Let v be -3 + 3 + 2*c + 0. Calculate the highest common factor of 40 and v.
40
Let x be (0/(-2) - 21) + -3. Let a = x - -32. Calculate the greatest common factor of 1 and a.
1
Suppose -40 = -5*k + b, -4*k + 32 = -4*b + 2*b. Suppose -k*p + 240 = -0*p. Calculate the highest common factor of 15 and p.
15
Suppose 2*y = 3*a - 15, -6*a - 4*y + 15 = -3*a. Suppose -2*v = a*d - 7 - 37, 0 = 4*v + 4*d - 64. Calculate the greatest common factor of v and 24.
12
Let n(a) = 14*a**2 + 24*a - 59. Let s be n(8). Calculate the highest common divisor of s and 21.
21
Let o(v) = 4*v**2 - 8*v + 183. Let r be o(9). What is the greatest common divisor of r and 29?
29
Suppose -33 = -14*u + 11*u. Let f = -8 + u. Let k(z) = 6*z + 2. Let b be k(f). What is the greatest common divisor of b and 220?
20
Let d = 84 - 39. Suppose d = 5*q - 20. What is the greatest common factor of q and 104?
13
Suppose -3*u + 82 = 38*u. What is the greatest common factor of u and 454?
2
Suppose 49 = 4*f + 5. Let p = f + 11. Let g(z) = z**3 - 13*z - 6. Let r be g(6). What is the greatest common factor of r and p?
22
Suppose -8 = 2*o - 86. What is the greatest common factor of 221 and o?
13
Let g = 81 - 66. Calculate the highest common factor of g and 915.
15
Le